{"id":17456,"date":"2025-11-24T15:36:56","date_gmt":"2025-11-24T15:36:56","guid":{"rendered":"https:\/\/staezn.pt\/?page_id=17456"},"modified":"2025-11-25T10:12:18","modified_gmt":"2025-11-25T10:12:18","slug":"orgaos-sociais-do-staezn","status":"publish","type":"page","link":"https:\/\/staezn.pt\/?page_id=17456","title":{"rendered":"\u00d3rg\u00e3os Sociais do STAEZN"},"content":{"rendered":"\t\t<div data-elementor-type=\"wp-page\" data-elementor-id=\"17456\" class=\"elementor elementor-17456\">\n\t\t\t\t<div class=\"elementor-element elementor-element-67b9501 e-flex e-con-boxed e-con e-parent\" data-id=\"67b9501\" data-element_type=\"container\" data-e-type=\"container\">\n\t\t\t\t\t<div class=\"e-con-inner\">\n\t\t\t\t<div class=\"elementor-element elementor-element-7b5ea8d elementor-widget elementor-widget-html\" data-id=\"7b5ea8d\" data-element_type=\"widget\" data-e-type=\"widget\" data-widget_type=\"html.default\">\n\t\t\t\t\t<!-- Vers\u00e3o WordPress com Bootstrap - Cole este c\u00f3digo num bloco HTML personalizado -->\r\n<style>\r\n    .orgaos-wp {\r\n        margin: 2rem 0;\r\n        background: #1a1a1a;\r\n        padding: 2rem;\r\n        border-radius: 1rem;\r\n        box-shadow: 0 1rem 3rem rgba(0, 0, 0, 0.5);\r\n    }\r\n    \r\n    .orgaos-wp .card {\r\n        background: #2a2a2a;\r\n        border: 1px solid #3a3a3a;\r\n        color: #e9ecef;\r\n    }\r\n    \r\n    .orgaos-wp .card .card-title.text-primary {\r\n        color: #6ea8fe !important;\r\n    }\r\n    \r\n    .orgaos-wp .card .card-title.text-danger {\r\n        color: #ea868f !important;\r\n    }\r\n    \r\n    .orgaos-wp .card .card-title.text-info {\r\n        color: #86cfda !important;\r\n    }\r\n    \r\n    .orgaos-wp .card .card-title.text-success {\r\n        color: #75b798 !important;\r\n    }\r\n    \r\n    .orgaos-wp .card .display-6 {\r\n        color: #f8f9fa;\r\n    }\r\n    \r\n    .orgaos-wp .text-muted {\r\n        color: #a0a0a0 !important;\r\n    }\r\n    \r\n    .orgaos-header {\r\n        background: linear-gradient(135deg, #1a1a1a 0%, #2c2c2c 100%);\r\n        color: #f8f9fa;\r\n        position: relative;\r\n        overflow: hidden;\r\n        border-bottom: 4px solid #8b1538;\r\n    }\r\n    \r\n    .orgaos-section {\r\n        background: #2a2a2a;\r\n        border-radius: 0.5rem;\r\n        overflow: hidden;\r\n        box-shadow: 0 0.5rem 1.5rem rgba(0, 0, 0, 0.3);\r\n        border: 1px solid #3a3a3a;\r\n    }\r\n    \r\n    .orgaos-section-header {\r\n        background: linear-gradient(135deg, #8b1538 0%, #6b1028 100%);\r\n        color: #f8f9fa;\r\n        border-bottom: 3px solid #1a1a1a;\r\n    }\r\n    \r\n    .orgaos-section-header h2::before {\r\n        content: '\u25cf';\r\n        margin-right: 0.75rem;\r\n        color: #ecf0f1;\r\n    }\r\n    \r\n    .orgaos-table {\r\n        background: #1e1e1e;\r\n        border-radius: 0.5rem;\r\n        overflow: hidden;\r\n        box-shadow: 0 0.25rem 1rem rgba(0, 0, 0, 0.4);\r\n        border: 1px solid #3a3a3a;\r\n    }\r\n    \r\n    .orgaos-table thead th {\r\n        background: linear-gradient(135deg, #1e3a5f 0%, #1a2f4a 100%);\r\n        color: #e9ecef;\r\n        border: none;\r\n        font-weight: 600;\r\n        letter-spacing: 0.025rem;\r\n        \r\n    }\r\n    \r\n    .orgaos-table tbody tr {\r\n        background-color: #1e1e1e;\r\n        border-bottom: 1px solid #3a3a3a;\r\n    }\r\n    \r\n    .orgaos-table tbody tr:hover {\r\n        background-color: #2a2a2a;\r\n    }\r\n    \r\n    .orgaos-table tbody tr:nth-child(even) {\r\n        background-color: #252525;\r\n    }\r\n    \r\n    .orgaos-position {\r\n        font-weight: 600;\r\n        color: #e9ecef;\r\n        text-align: left;\r\n    }\r\n    \r\n    .orgaos-name {\r\n        font-weight: 500;\r\n        color: #d1d1d1;\r\n        text-align: left;\r\n    }\r\n    \r\n    .orgaos-school {\r\n        color: #a0a0a0;\r\n        font-size: 0.95em;\r\n    }\r\n    \r\n    .district-badge {\r\n        font-size: 0.85em;\r\n        font-weight: 500;\r\n        border-radius: 1rem;\r\n        padding: 0.25rem 0.75rem;\r\n        color: white;\r\n        display: inline-block;\r\n    }\r\n    \r\n    .district-vila-real { background: linear-gradient(135deg, #8b1538 0%, #6b1028 100%); }\r\n    .district-viseu { background: linear-gradient(135deg, #b8860b 0%, #996f00 100%); }\r\n    .district-porto { background: linear-gradient(135deg, #1e3a5f 0%, #1a2f4a 100%); }\r\n    .district-braga { background: linear-gradient(135deg, #4a1a4a 0%, #3a1a3a 100%); }\r\n    .district-braganca { background: linear-gradient(135deg, #2d5a3d 0%, #1f4a2f 100%); }\r\n    \r\n    .orgaos-subsection {\r\n        background: linear-gradient(135deg, #3a3a3a 0%, #2a2a2a 100%);\r\n        color: #e9ecef;\r\n        border: 1px solid #4a4a4a;\r\n    }\r\n<\/style>\r\n\r\n<div class=\"orgaos-wp\">\r\n    <!-- Cabe\u00e7alho -->\r\n    <div class=\"orgaos-header text-center py-5 mb-4\">\r\n        <div class=\"container\">\r\n            <h1 class=\"display-4 fw-light\">Estrutura Organizacional<\/h1>\r\n        <\/div>\r\n    <\/div>\r\n    \r\n    <div class=\"container-fluid\">\r\n        <!-- Mesa da Assembleia -->\r\n        <div class=\"orgaos-section mb-5\">\r\n            <div class=\"orgaos-section-header p-4\">\r\n                <h2 class=\"h3 mb-0 d-flex align-items-center\">Mesa da Assembleia e do Conselho Geral<\/h2>\r\n            <\/div>\r\n            <div class=\"p-4\">\r\n                <div class=\"table-responsive\">\r\n                    <table class=\"table orgaos-table mb-0\">\r\n                        <thead>\r\n                            <tr>\r\n                                <th scope=\"col\">Cargo<\/th>\r\n                                <th scope=\"col\">Nome<\/th>\r\n                            <\/tr>\r\n                        <\/thead>\r\n                        <tbody>\r\n                            <tr>\r\n                                <td class=\"orgaos-position\">Presidente<\/td>\r\n                                <td class=\"orgaos-name\">Mariana Cristina Afonso Catarino Moura<\/td>\r\n                            <\/tr>\r\n                            <tr>\r\n                                <td class=\"orgaos-position\">Vice Presidente<\/td>\r\n                                <td class=\"orgaos-name\">C\u00e1rmen Raquel Silva Costa Madureira<\/td>\r\n                            <\/tr>\r\n                        <\/tbody>\r\n                    <\/table>\r\n                <\/div>\r\n            <\/div>\r\n        <\/div>\r\n\r\n        <!-- Comiss\u00e3o Disciplinar -->\r\n        <div class=\"orgaos-section mb-5\">\r\n            <div class=\"orgaos-section-header p-4\">\r\n                <h2 class=\"h3 mb-0 d-flex align-items-center\">Comiss\u00e3o Disciplinar e Fiscalizadora de Contas<\/h2>\r\n            <\/div>\r\n            <div class=\"p-4\">\r\n                <div class=\"table-responsive\">\r\n                    <table class=\"table orgaos-table mb-0\">\r\n                        <thead>\r\n                            <tr>\r\n                                <th scope=\"col\">Nome<\/th>\r\n                            <\/tr>\r\n                        <\/thead>\r\n                        <tbody>\r\n                            <tr>\r\n                                <td class=\"orgaos-name\">Catarina Maria Vieira Melo Prado<\/td>\r\n                            <\/tr>\r\n                            <tr>\r\n                                <td class=\"orgaos-name\">Esperan\u00e7a Barbedo Andrade Rodrigues<\/td>\r\n                            <\/tr>\r\n                            <tr>\r\n                                <td class=\"orgaos-name\">Rosa Maria Jesus Silva<\/td>\r\n                            <\/tr>\r\n                            <tr>\r\n                                <td class=\"orgaos-name\">S\u00f3nia Manuela Branco Botelho<\/td>\r\n                            <\/tr>\r\n                        <\/tbody>\r\n                    <\/table>\r\n                <\/div>\r\n            <\/div>\r\n        <\/div>\r\n\r\n        <!-- Dire\u00e7\u00e3o -->\r\n        <div class=\"orgaos-section mb-5\">\r\n            <div class=\"orgaos-section-header p-4\">\r\n                <h2 class=\"h3 mb-0 d-flex align-items-center\">Dire\u00e7\u00e3o<\/h2>\r\n            <\/div>\r\n            <div class=\"p-4\">\r\n                <!-- Cargos de Dire\u00e7\u00e3o -->\r\n                <div class=\"table-responsive mb-4\">\r\n                    <table class=\"table orgaos-table mb-0\">\r\n                        <thead>\r\n                            <tr>\r\n                                <th scope=\"col\">Cargo<\/th>\r\n                                <th scope=\"col\">Nome<\/th>\r\n                            <\/tr>\r\n                        <\/thead>\r\n                        <tbody>\r\n                            <tr>\r\n                                <td class=\"orgaos-position\">Presidente<\/td>\r\n                                <td class=\"orgaos-name\">Cristina Teixeira Peixoto<\/td>\r\n                            <\/tr>\r\n                            <tr>\r\n                                <td class=\"orgaos-position\">Vice-Presidente<\/td>\r\n                                <td class=\"orgaos-name\">Filomena Maria Alves Tavares<\/td>\r\n                            <\/tr>\r\n                            <tr>\r\n                                <td class=\"orgaos-position\">Vice-Presidente<\/td>\r\n                                <td class=\"orgaos-name\">Maria Adelaide Silva Pereira Pinho<\/td>\r\n                            <\/tr>\r\n                            <tr>\r\n                                <td class=\"orgaos-position\">Secret\u00e1rio<\/td>\r\n                                <td class=\"orgaos-name\">Fernando Joni Almeida Dias Ribeiro<\/td>\r\n                            <\/tr>\r\n                            <tr>\r\n                                <td class=\"orgaos-position\">Secret\u00e1ria<\/td>\r\n                                <td class=\"orgaos-name\">Leonor Brito Xavier<\/td>\r\n                            <\/tr>\r\n                            <tr>\r\n                                <td class=\"orgaos-position\">Tesoureira<\/td>\r\n                                <td class=\"orgaos-name\">Susana Manuela Ven\u00e2ncio Ferreira<\/td>\r\n                            <\/tr>\r\n                        <\/tbody>\r\n                    <\/table>\r\n                <\/div>\r\n                \r\n                <!-- Vogais -->\r\n                <div class=\"orgaos-subsection p-3 mb-3\">\r\n                    <h3 class=\"h4 mb-0\">Vogais<\/h3>\r\n                <\/div>\r\n                <div class=\"table-responsive mb-4\">\r\n                    <table class=\"table orgaos-table mb-0\">\r\n                        <thead>\r\n                            <tr>\r\n                                <th scope=\"col\">Nome<\/th>\r\n                            <\/tr>\r\n                        <\/thead>\r\n                        <tbody>\r\n                            <tr><td class=\"orgaos-name\">Adelina Maria Almeida Costa Monteiro<\/td><\/tr>\r\n                            <tr><td class=\"orgaos-name\">Adriano Azevedo Borges<\/td><\/tr>\r\n                            <tr><td class=\"orgaos-name\">Alda Cristina Jesus Almeida Pinto Guedes<\/td><\/tr>\r\n                            <tr><td class=\"orgaos-name\">Ana Cristina Loureiro Sousa<\/td><\/tr>\r\n                            <tr><td class=\"orgaos-name\">Ana Lu\u00edsa Correia Pereira Louren\u00e7o<\/td><\/tr>\r\n                            <tr><td class=\"orgaos-name\">Anabela Concei\u00e7\u00e3o Lopes Nascimento Pedro<\/td><\/tr>\r\n                            <tr><td class=\"orgaos-name\">Anabela Teixeira Oliveira<\/td><\/tr>\r\n                            <tr><td class=\"orgaos-name\">Carla Cristina Oliveira Silva Mendes<\/td><\/tr>\r\n                            <tr><td class=\"orgaos-name\">Carla Maria Correia Carvalho<\/td><\/tr>\r\n                            <tr><td class=\"orgaos-name\">Carla Maria Duarte Sousa<\/td><\/tr>\r\n                            <tr><td class=\"orgaos-name\">Carla Maria Machado Guedes Bernardo<\/td><\/tr>\r\n                            <tr><td class=\"orgaos-name\">Cla\u00fadia Susana Afonso Costa Rebelo Silva<\/td><\/tr>\r\n                            <tr><td class=\"orgaos-name\">Cristele Martins Matos<\/td><\/tr>\r\n                            <tr><td class=\"orgaos-name\">Cristiana Sofia Vassal Coutinho Chaves<\/td><\/tr>\r\n                            <tr><td class=\"orgaos-name\">Cristina Maria Peixoto Augusto<\/td><\/tr>\r\n                            <tr><td class=\"orgaos-name\">Cristina Teixeira Peixoto<\/td><\/tr>\r\n                            <tr><td class=\"orgaos-name\">Donzelina Manuela Rocha Cardoso Rodrigues<\/td><\/tr>\r\n                            <tr><td class=\"orgaos-name\">Eugenia Maria Ferreira Martins Pitrez<\/td><\/tr>\r\n                            <tr><td class=\"orgaos-name\">Fernanda Susana Nunes Almeida<\/td><\/tr>\r\n                            <tr><td class=\"orgaos-name\">Fernando Joni Almeida Dias Ribeiro<\/td><\/tr>\r\n                            <tr><td class=\"orgaos-name\">Filomena Maria Alves Tavares<\/td><\/tr>\r\n                            <tr><td class=\"orgaos-name\">Filomena Silva Gon\u00e7alves Coelho<\/td><\/tr>\r\n                            <tr><td class=\"orgaos-name\">Gisela Maria Rocha Ferreira<\/td><\/tr>\r\n                            <tr><td class=\"orgaos-name\">Humberto Jorge Anjos Salgado Melo<\/td><\/tr>\r\n                            <tr><td class=\"orgaos-name\">Ivo Manuel Tavares Pinto<\/td><\/tr>\r\n                            <tr><td class=\"orgaos-name\">Jesu\u00edna Concei\u00e7\u00e3o Silva Matos Marinho<\/td><\/tr>\r\n                            <tr><td class=\"orgaos-name\">Jos\u00e9 Manuel Cardoso Santos<\/td><\/tr>\r\n                            <tr><td class=\"orgaos-name\">Jos\u00e9 Manuel Gomes Silva<\/td><\/tr>\r\n                            <tr><td class=\"orgaos-name\">Leonor Brito Xavier<\/td><\/tr>\r\n                            <tr><td class=\"orgaos-name\">L\u00eddia Maria Carvalho Jorge<\/td><\/tr>\r\n                            <tr><td class=\"orgaos-name\">L\u00edgia Sofia Coimbra Sousa Rodrigues<\/td><\/tr>\r\n                            <tr><td class=\"orgaos-name\">L\u00facia Concei\u00e7\u00e3o Jo\u00e3o Dias Eira Pereira<\/td><\/tr>\r\n                            <tr><td class=\"orgaos-name\">Lu\u00edsa Manuela Silva Sousa Cerqueira<\/td><\/tr>\r\n                            <tr><td class=\"orgaos-name\">Luzia Carmo Bastos Jesus Soares<\/td><\/tr>\r\n                            <tr><td class=\"orgaos-name\">Margarida Maria Dias Andrade Castro<\/td><\/tr>\r\n                            <tr><td class=\"orgaos-name\">Maria Adelaide Silva Pereira Pinho<\/td><\/tr>\r\n                            <tr><td class=\"orgaos-name\">Maria Alice Ribeiro Alves Silva<\/td><\/tr>\r\n                            <tr><td class=\"orgaos-name\">Maria Augusta Silva Cruz Mendes<\/td><\/tr>\r\n                            <tr><td class=\"orgaos-name\">Maria Carmo Serra Martins Ferreira Almeida<\/td><\/tr>\r\n                            <tr><td class=\"orgaos-name\">Maria Dulce Garcia Marcos<\/td><\/tr>\r\n                            <tr><td class=\"orgaos-name\">Maria F\u00e1tima Costa Neves<\/td><\/tr>\r\n                            <tr><td class=\"orgaos-name\">Maria F\u00e1tima Santos Lameiras Fernandes<\/td><\/tr>\r\n                            <tr><td class=\"orgaos-name\">Maria Jos\u00e9 Sousa Carneiro<\/td><\/tr>\r\n                            <tr><td class=\"orgaos-name\">Maria Luz Monteiro Silva Pereira<\/td><\/tr>\r\n                            <tr><td class=\"orgaos-name\">Maria Nat\u00e1lia Sousa Macedo Botelho<\/td><\/tr>\r\n                            <tr><td class=\"orgaos-name\">Maria Nazar\u00e9 Lopes Pinto<\/td><\/tr>\r\n                            <tr><td class=\"orgaos-name\">Maria Ros\u00e1rio Oliveira Borges Fidalgo Cunha<\/td><\/tr>\r\n                            <tr><td class=\"orgaos-name\">Maria Serafina Silva Oliveira<\/td><\/tr>\r\n                            <tr><td class=\"orgaos-name\">Marisa Isabel Tavares Pinto<\/td><\/tr>\r\n                            <tr><td class=\"orgaos-name\">Marisa Lurdes Oliveira Soares<\/td><\/tr>\r\n                            <tr><td class=\"orgaos-name\">Olga Gabriela Pinto Neves Fontes Santos Neves<\/td><\/tr>\r\n                            <tr><td class=\"orgaos-name\">Olinda Concei\u00e7\u00e3o Gon\u00e7alves Velho<\/td><\/tr>\r\n                            <tr><td class=\"orgaos-name\">Ot\u00edlia Maria Correia Teixeira Rodrigues<\/td><\/tr>\r\n                            <tr><td class=\"orgaos-name\">Patr\u00edcia Alexandra Teixeira Mouta Guedes<\/td><\/tr>\r\n                            <tr><td class=\"orgaos-name\">Paula Filipa Urbano Loureiro<\/td><\/tr>\r\n                            <tr><td class=\"orgaos-name\">Paula Susana Teixeira Borges<\/td><\/tr>\r\n                            <tr><td class=\"orgaos-name\">Paulo Rog\u00e9rio Canha Chaves<\/td><\/tr>\r\n                            <tr><td class=\"orgaos-name\">Paulo S\u00e9rgio Almeida Lousada<\/td><\/tr>\r\n                            <tr><td class=\"orgaos-name\">Paulo S\u00e9rgio Moreira Coelho<\/td><\/tr>\r\n                            <tr><td class=\"orgaos-name\">Raquel Sofia Soares Ribeiro<\/td><\/tr>\r\n                            <tr><td class=\"orgaos-name\">Renata Eugenia Machado Palhares<\/td><\/tr>\r\n                            <tr><td class=\"orgaos-name\">Rosa Manuela Sousa Caetano<\/td><\/tr>\r\n                            <tr><td class=\"orgaos-name\">Rosa Maria Pinheiro Faustino<\/td><\/tr>\r\n                            <tr><td class=\"orgaos-name\">Sandra Cristina Oliveira Borges Pereira<\/td><\/tr>\r\n                            <tr><td class=\"orgaos-name\">Sandra Cristina Sobral<\/td><\/tr>\r\n                            <tr><td class=\"orgaos-name\">Sandra Isabel Gon\u00e7alves Sa Oliveira<\/td><\/tr>\r\n                            <tr><td class=\"orgaos-name\">Silvia Maria Morais Barreira<\/td><\/tr>\r\n                            <tr><td class=\"orgaos-name\">S\u00f3nia Cristina Ver\u00edssimo Esteves<\/td><\/tr>\r\n                            <tr><td class=\"orgaos-name\">S\u00f3nia Gra\u00e7a Rocha Morais<\/td><\/tr>\r\n                            <tr><td class=\"orgaos-name\">Susana Manuela Ven\u00e2ncio Ferreira<\/td><\/tr>\r\n                            <tr><td class=\"orgaos-name\">Susana Maria Jesus Ferreira Alves<\/td><\/tr>\r\n                            <tr><td class=\"orgaos-name\">Teresa Maria Martins Braga<\/td><\/tr>\r\n                        <\/tbody>\r\n                    <\/table>\r\n                <\/div>\r\n                \r\n                <!-- Suplentes -->\r\n                <div class=\"orgaos-subsection p-3 mb-3\">\r\n                    <h3 class=\"h4 mb-0\">Suplentes<\/h3>\r\n                <\/div>\r\n                <div class=\"table-responsive\">\r\n                    <table class=\"table orgaos-table mb-0\">\r\n                        <thead>\r\n                            <tr>\r\n                                <th scope=\"col\">Nome<\/th>\r\n                            <\/tr>\r\n                        <\/thead>\r\n                        <tbody>\r\n                            <tr><td class=\"orgaos-name\">Dulce Bonfim Mendes Silva<\/td><\/tr>\r\n                            <tr><td class=\"orgaos-name\">Fernanda Maria Gon\u00e7alves Dias<\/td><\/tr>\r\n                            <tr><td class=\"orgaos-name\">Isabel Maria Santos Ferreira<\/td><\/tr>\r\n                            <tr><td class=\"orgaos-name\">Isabel Paula Pinto Neves Pontes Almeida<\/td><\/tr>\r\n                            <tr><td class=\"orgaos-name\">Joaquina Concei\u00e7\u00e3o Reis Soares<\/td><\/tr>\r\n                            <tr><td class=\"orgaos-name\">Leonor Maria Rodrigues Teixeira Ferreira<\/td><\/tr>\r\n                            <tr><td class=\"orgaos-name\">Maria Ant\u00f3nia Ven\u00e2ncio Guedes Matos<\/td><\/tr>\r\n                            <tr><td class=\"orgaos-name\">Maria Jos\u00e9 Pinto Monteiro Nogueira<\/td><\/tr>\r\n                            <tr><td class=\"orgaos-name\">Maria Carmo Paredes Vilela<\/td><\/tr>\r\n                            <tr><td class=\"orgaos-name\">Maria Estela Pimentel Costa<\/td><\/tr>\r\n                        <\/tbody>\r\n                    <\/table>\r\n                <\/div>\r\n            <\/div>\r\n        <\/div>\r\n\r\n        <!-- Conselho Geral -->\r\n        <div class=\"orgaos-section mb-5\">\r\n            <div class=\"orgaos-section-header p-4\">\r\n                <h2 class=\"h3 mb-0 d-flex align-items-center\">Conselho Geral<\/h2>\r\n            <\/div>\r\n            <div class=\"p-4\">\r\n                <div class=\"table-responsive\">\r\n                    <table class=\"table orgaos-table mb-0\">\r\n                        <thead>\r\n                            <tr>\r\n                                <th scope=\"col\">Nome<\/th>\r\n                            <\/tr>\r\n                        <\/thead>\r\n                        <tbody>\r\n                            <tr>\r\n                                <td class=\"orgaos-name\">Anabela Vasques Rodrigues Sousa Silva<\/td>\r\n                            <\/tr>\r\n                            <tr>\r\n                                <td class=\"orgaos-name\">C\u00e1rmen Susete Coelho Pinheiro<\/td>\r\n                            <\/tr>\r\n                            <tr>\r\n                                <td class=\"orgaos-name\">C\u00e9lia Maria Jesus Guedes<\/td>\r\n                            <\/tr>\r\n                            <tr>\r\n                                <td class=\"orgaos-name\">Cla\u00fadia Maria Rodrigues Magalh\u00e3es Martins<\/td>\r\n                            <\/tr>\r\n                            <tr>\r\n                                <td class=\"orgaos-name\">Dulce Outeiro Fraga Fontes<\/td>\r\n                            <\/tr>\r\n                            <tr>\r\n                                <td class=\"orgaos-name\">H\u00e9lia Maria Nunes Alves<\/td>\r\n                            <\/tr>\r\n                            <tr>\r\n                                <td class=\"orgaos-name\">Maria Jos\u00e9 Esteves<\/td>\r\n                            <\/tr>\r\n                            <tr>\r\n                                <td class=\"orgaos-name\">Pedro Manuel Pereira Afonso<\/td>\r\n                            <\/tr>\r\n                            <tr>\r\n                                <td class=\"orgaos-name\">S\u00f3nia Maria Taveira Guimar\u00e3es Seixas<\/td>\r\n                            <\/tr>\r\n                            <tr>\r\n                                <td class=\"orgaos-name\">Vera Monica Vidinha Pinto<\/td>\r\n                            <\/tr>\r\n                            <tr>\r\n                                <td class=\"orgaos-name\">F\u00e1tima Maria Carvalho Portela<\/td>\r\n                            <\/tr>\r\n                            <tr>\r\n                                <td class=\"orgaos-name\">Jos\u00e9 Manuel Gomes Silva<\/td>\r\n                            <\/tr>\r\n                            <tr>\r\n                                <td class=\"orgaos-name\">Maria Lurdes Rocha Miguel<\/td>\r\n                            <\/tr>\r\n                            <tr>\r\n                                <td class=\"orgaos-name\">Vera Alexandra Moreira Santos<\/td>\r\n                            <\/tr>\r\n                            <tr>\r\n                                <td class=\"orgaos-name\">Vera L\u00facia Teixeira Rodrigues Monteiro<\/td>\r\n                            <\/tr>\r\n                        <\/tbody>\r\n                    <\/table>\r\n                <\/div>\r\n            <\/div>\r\n        <\/div>\r\n\r\n    <\/div>\r\n<\/div>\t\t\t\t<\/div>\n\t\t\t\t\t<\/div>\n\t\t\t\t<\/div>\n\t\t\t\t<\/div>\n\t\t","protected":false},"excerpt":{"rendered":"<p>Estrutura Organizacional Mesa da Assembleia e do Conselho Geral Cargo Nome Presidente Mariana Cristina Afonso Catarino Moura Vice Presidente C\u00e1rmen Raquel Silva Costa Madureira Comiss\u00e3o Disciplinar e Fiscalizadora de Contas Nome Catarina Maria Vieira Melo Prado Esperan\u00e7a Barbedo Andrade Rodrigues Rosa Maria Jesus Silva S\u00f3nia Manuela Branco Botelho Dire\u00e7\u00e3o Cargo Nome Presidente Cristina Teixeira Peixoto<\/p>\n","protected":false},"author":1,"featured_media":0,"parent":0,"menu_order":0,"comment_status":"closed","ping_status":"closed","template":"","meta":{"footnotes":""},"class_list":["post-17456","page","type-page","status-publish","hentry"],"_links":{"self":[{"href":"https:\/\/staezn.pt\/index.php?rest_route=\/wp\/v2\/pages\/17456","targetHints":{"allow":["GET"]}}],"collection":[{"href":"https:\/\/staezn.pt\/index.php?rest_route=\/wp\/v2\/pages"}],"about":[{"href":"https:\/\/staezn.pt\/index.php?rest_route=\/wp\/v2\/types\/page"}],"author":[{"embeddable":true,"href":"https:\/\/staezn.pt\/index.php?rest_route=\/wp\/v2\/users\/1"}],"replies":[{"embeddable":true,"href":"https:\/\/staezn.pt\/index.php?rest_route=%2Fwp%2Fv2%2Fcomments&post=17456"}],"version-history":[{"count":40,"href":"https:\/\/staezn.pt\/index.php?rest_route=\/wp\/v2\/pages\/17456\/revisions"}],"predecessor-version":[{"id":17542,"href":"https:\/\/staezn.pt\/index.php?rest_route=\/wp\/v2\/pages\/17456\/revisions\/17542"}],"wp:attachment":[{"href":"https:\/\/staezn.pt\/index.php?rest_route=%2Fwp%2Fv2%2Fmedia&parent=17456"}],"curies":[{"name":"wp","href":"https:\/\/api.w.org\/{rel}","templated":true}]}}